473 and 223003?
11
Calculate the highest common divisor of 28512 and 93256416.
3168
Calculate the greatest common divisor of 2160070 and 3598144.
5918
What is the greatest common divisor of 88 and 7093928?
8
Calculate the greatest common factor of 869 and 27667222.
869
What is the highest common factor of 341 and 563611?
31
Calculate the highest common divisor of 41726316 and 180.
12
What is the highest common divisor of 4395150 and 18?
18
What is the highest common divisor of 1001167 and 97382?
667
Calculate the greatest common divisor of 3917152 and 112.
16
Calculate the greatest common factor of 24753465 and 270.
135
Calculate the highest common divisor of 108 and 11578912.
4
What is the highest common factor of 12882 and 6445294?
4294
What is the highest common factor of 1848 and 54749002?
154
Calculate the greatest common divisor of 2778876 and 9.
9
Calculate the greatest common divisor of 82 and 6497147.
41
What is the highest common factor of 954 and 2191480146?
954
Calculate the greatest common factor of 875 and 1275190.
35
What is the greatest common divisor of 5455612 and 708?
236
Calculate the greatest common divisor of 270 and 2594505.
15
What is the greatest common divisor of 46092802 and 14?
14
What is the greatest common divisor of 37308 and 1076196?
12
What is the highest common divisor of 204417789 and 19?
19
Calculate the greatest common factor of 63029670 and 2455.
2455
Calculate the highest common divisor of 136584 and 670824.
504
What is the greatest common factor of 104184748 and 407?
37
Calculate the highest common factor of 40571 and 30769.
29
Calculate the highest common factor of 68015972 and 114.
38
What is the highest common divisor of 4501 and 462810824?
4501
What is the greatest common divisor of 75 and 4314325?
25
Calculate the greatest common divisor of 135858230 and 20.
10
Calculate the highest common factor of 2823703245 and 99.
99
Calculate the greatest common factor of 939 and 10713677.
313
Calculate the greatest common divisor of 11671 and 183594379.
1061
Calculate the greatest common factor of 21 and 2836463.
7
What is the highest common factor of 64799735 and 11375?
455
Calculate the highest common factor of 54582260 and 20.
20
What is the greatest common divisor of 221 and 4594658?
17
What is the greatest common factor of 1524 and 80106393?
381
Calculate the greatest common divisor of 17410573 and 33209.
3019
Calculate the greatest common divisor of 46335710 and 20.
10
Calculate the greatest common divisor of 160606960 and 1590.
530
Calculate the greatest common divisor of 4645694 and 42082.
794
Calculate the greatest common divisor of 210298 and 54946342.
2662
What is the greatest common divisor of 12 and 38577972?
12
What is the highest common divisor of 246344 and 1896552?
2968
Calculate the greatest common factor of 13563489 and 14340.
717
Calculate the highest common factor of 1800 and 1442160.
360
Calculate the greatest common divisor of 92338 and 24660.
274
What is the greatest common divisor of 1198107 and 38001?
717
What is the greatest common factor of 748804 and 197400?
1316
What is the greatest common factor of 34447257 and 2337?
123
What is the greatest common divisor of 316619 and 35446?
479
What is the highest common factor of 714189 and 30954?
21
Calculate the greatest common factor of 5513070 and 7239.
381
Calculate the greatest common factor of 1962 and 40425702.
654
What is the greatest common factor of 32120000 and 88768?
4672
What is the highest common divisor of 526682 and 1136978?
862
What is the highest common divisor of 8820 and 394200?
180
What is the highest common factor of 19865 and 753072?
29
What is the greatest common divisor of 29862387 and 9656?
1207
Calculate the highest common divisor of 1732 and 205666340.
1732
Calculate the highest common divisor of 184274 and 10547.
199
What is the highest common divisor of 1285488910 and 5870?
5870
Calculate the greatest common factor of 45 and 878021415.
45
Calculate the greatest common divisor of 8615 and 588950.
5
What is the greatest common divisor of 1088100 and 37572?
372
Calculate the highest common divisor of 9 and 195038622.
9
Calculate the highest common divisor of 835360 and 16784480.
3680
Calculate the greatest common divisor of 86943 and 6315303.
219
Calculate the greatest common divisor of 1278 and 944964.
18
Calculate the highest common divisor of 101 and 2010905051.
101
What is the highest common factor of 300918 and 99?
3
What is the greatest common divisor of 2310 and 3588900?
210
What is the highest common factor of 5675131 and 539?
539
Calculate the highest common divisor of 611641017 and 127.
127
Calculate the highest common divisor of 11033540 and 586180.
7420
What is the highest common factor of 1464750 and 423500?
1750
What is the greatest common divisor of 425483237 and 8945?
1789
What is the greatest common divisor of 2359611 and 6?
3
What is the greatest common factor of 1010026164 and 21?
21
Calculate the greatest common factor of 6182843 and 281.
281
What is the greatest common divisor of 14376528 and 10368?
1296
Calculate the highest common divisor of 21 and 22839936.
21
Calculate the highest common factor of 14 and 610321670.
14
Calculate the greatest common factor of 107747073 and 3871.
553
What is the greatest common factor of 15879 and 214065?
201
What is the greatest common divisor of 4063574 and 567572?
6038
Calculate the highest common factor of 6634982 and 7601.
691
Calculate the highest common divisor of 6429696 and 377.
13
Calculate the greatest common divisor of 67018474 and 7996.
3998
Calculate the greatest common divisor of 1313920 and 120.
40
What is the greatest common factor of 268359 and 14?
7
What is the highest common factor of 42 and 1829676?
6
What is the highest common factor of 2438248 and 104?
8
Calculate the highest common factor of 984090 and 35685.
15
Calculate the greatest common divisor of 93888 and 192672.
288
Calculate the greatest common factor of 177361947 and 17388.
4347
Calculate the greatest common divisor of 308 and 218747844.
28
What is the greatest common factor of 52560816 and 385?
77
What is the greatest common divisor of 3 and 5481639?
3
Calculate the highest common divisor of 170 and 3577055.
85
Calculate the highest common factor of 33155 and 1172640.
1745
Calculate the highest common factor of 32 and 2156184.
8
Calculate the greatest common factor of 3435 and 189465.
15
Calculate the greatest common divisor of 342144 and 152784.
144
Calculate the highest common factor of 3289914 and 45.
9
Calculate the highest common divisor of 1420188 and 1001.
77
What is the highest common factor of 3460 and 17050188?
692
Calculate the highest common factor of 28093824 and 28082.
1478
Calculate the greatest common divisor of 792 and 631404.
36
Calculate the greatest common factor of 272 and 176866164.
68
Calculate the greatest common divisor of 42285 and 9.
3
What is the highest common factor of 1984430 and 2120?
10
Calculate the greatest common divisor of 78 and 67719522.
78
What is the greatest common divisor of 1420679 and 9373?
1339
What is the greatest common factor of 8462541 and 4491?
1497
What is the greatest common divisor of 24186956 and 1264?
316
Calculate the greatest common factor of 4147 and 18548023.
377
What is the highest common divisor of 5026 and 2118818?
718
What is the greatest common divisor of 72479417 and 11247?
3749
What is the highest common factor of 30 and 3302814?
6
What is the highest common divisor of 1643 and 538129?
31
What is the highest common divisor of 32798678 and 2992?
374
Calculate the greatest common factor of 137814 and 3193583.
223
Calculate the greatest common factor of 214489 and 1271.
31
What is the highest common factor of 1638327 and 12?
3
Calculate the highest common factor of 14220 and 3213009.
711
What is the highest common factor of 168 and 1334808?
24
What is the highest common factor of 889 and 3197747?
7
What is the highest common divisor of 950128 and 44?
4
Calculate the highest common divisor of 285 and 5874545.
5
Calculate the highest common divisor of 126544 and 106711.
11
Calculate the highest common factor of 17039984 and 2054.
2054
Calculate the greatest common divisor of 5767578 and 63.
9
What is the great